alse
Does 34 divide 74104?
False
Does 322 divide 281253?
False
Is 6276064 a multiple of 251?
False
Is 180732 a multiple of 14?
False
Does 74 divide 693824?
True
Is 40968 a multiple of 6?
True
Does 37 divide 1410894?
False
Is 4 a factor of 274044?
True
Does 10 divide 27860?
True
Is 399295 a multiple of 30?
False
Does 22 divide 9093?
False
Is 2 a factor of 462575?
False
Does 109 divide 936813?
False
Is 46 a factor of 930166?
True
Is 1832265 a multiple of 57?
True
Does 16 divide 124336?
True
Does 44 divide 21320?
False
Does 16 divide 700288?
True
Does 11 divide 42889?
True
Is 22 a factor of 171996?
True
Is 28796 a multiple of 44?
False
Is 345888 a multiple of 44?
False
Is 1155012 a multiple of 58?
True
Is 176086 a multiple of 30?
False
Is 222918 a multiple of 106?
True
Does 18 divide 17301182?
False
Is 870 a factor of 100518?
False
Does 14 divide 54367?
False
Is 171 a factor of 165009?
False
Does 21 divide 212658?
False
Is 1916730 a multiple of 155?
True
Is 15 a factor of 688919?
False
Is 6 a factor of 47610?
True
Is 16 a factor of 199954?
False
Is 310 a factor of 527000?
True
Is 332381 a multiple of 103?
True
Does 252 divide 9471430?
False
Is 60458 a multiple of 74?
True
Is 70094 a multiple of 138?
False
Is 149 a factor of 72265?
True
Does 40 divide 2850361?
False
Is 1466 a factor of 17579983?
False
Is 1236268 a multiple of 44?
True
Does 80 divide 6259120?
True
Is 177611 a multiple of 17?
False
Is 373246 a multiple of 433?
True
Does 4 divide 507564?
True
Is 14184366 a multiple of 194?
False
Is 237273 a multiple of 54?
False
Is 275 a factor of 256575?
True
Is 113 a factor of 230337?
False
Is 26 a factor of 102908?
True
Does 3049 divide 16736397?
False
Does 8 divide 77136?
True
Is 637 a factor of 4568161?
False
Is 1419084 a multiple of 3?
True
Is 16609075 a multiple of 107?
True
Does 8 divide 53496?
True
Does 41 divide 87974?
False
Is 11 a factor of 386941?
False
Is 180028 a multiple of 308?
False
Is 1940508 a multiple of 12?
True
Does 53 divide 8646420?
True
Is 87 a factor of 5522850?
False
Is 16 a factor of 3078?
False
Is 10878 a multiple of 74?
True
Is 26452 a multiple of 22?
False
Is 199148 a multiple of 12?
False
Is 114540 a multiple of 60?
True
Is 14 a factor of 12159?
False
Is 14746 a multiple of 2?
True
Is 149769 a multiple of 81?
True
Is 8264960 a multiple of 27?
False
Is 170 a factor of 66130?
True
Does 258 divide 14537358?
False
Is 14 a factor of 2016?
True
Does 108 divide 195432?
False
Is 550842 a multiple of 28?
False
Does 100 divide 30920?
False
Is 292230 a multiple of 34?
True
Is 490 a factor of 1228537?
False
Is 15 a factor of 11546?
False
Does 455 divide 97163?
False
Is 242 a factor of 2127313?
False
Is 696 a factor of 1440720?
True
Is 76860 a multiple of 180?
True
Does 374 divide 2255067?
False
Is 66 a factor of 1956502?
False
Is 235948 a multiple of 244?
True
Is 5609 a multiple of 2?
False
Is 95193 a multiple of 8?
False
Is 296695 a multiple of 704?
False
Does 47 divide 916406?
True
Is 20 a factor of 143393?
False
Does 52 divide 552063?
False
Is 3191825 a multiple of 65?
True
Is 3303 a factor of 32987061?
True
Is 5967 a multiple of 221?
True
Is 30 a factor of 4047510?
True
Is 64576 even?
True
Is 232885 a multiple of 501?
False
Is 684 a factor of 1120140?
False
Is 9802654 a multiple of 150?
False
Does 33 divide 1088208?
True
Is 339 a factor of 1097343?
True
Is 57 a factor of 1172901?
False
Is 14 a factor of 281512?
True
Is 482290 a multiple of 10?
True
Is 531 a factor of 1018946?
False
Is 13982 a multiple of 6?
False
Does 15 divide 380040?
True
Is 55 a factor of 54964?
False
Does 16 divide 16576?
True
Is 2914032 a multiple of 66?
True
Is 30 a factor of 883920?
True
Is 5910666 a multiple of 487?
False
Does 784 divide 57232?
True
Does 316 divide 462599?
False
Does 2 divide 27096?
True
Is 112146 a multiple of 4?
False
Is 18 a factor of 1127555?
False
Is 451 a factor of 947551?
True
Does 118 divide 1925406?
True
Is 553 a factor of 1088304?
True
Is 396 a factor of 450678?
False
Is 1336910 a multiple of 12?
False
Is 71 a factor of 58220?
True
Is 3 a factor of 564714?
True
Does 250 divide 111796?
False
Is 435241 a multiple of 219?
False
Does 561 divide 373065?
True
Is 30 a factor of 8730?
True
Is 408060 a multiple of 37?
False
Is 49 a factor of 23373?
True
Is 1740086 a multiple of 17?
True
Is 71 a factor of 1012460?
True
Is 1293 a factor of 2169889?
False
Is 870 a factor of 863799?
False
Does 340 divide 321300?
True
Is 77154 a multiple of 101?
False
Is 7274685 a multiple of 33?
True
Is 11 a factor of 1000971?
False
Is 180 a factor of 162720?
True
Does 780 divide 1843920?
True
Does 412 divide 2431694?
False
Is 644031 a multiple of 129?
False
Does 285 divide 3585300?
True
Is 65884 a multiple of 52?
True
Is 633700 a multiple of 100?
True
Is 1240766 a multiple of 254?
False
Is 196 a factor of 5621280?
True
Does 396 divide 10881897?
False
Does 57 divide 2188498?
False
Is 5 a factor of 62246?
False
Does 28 divide 2408000?
True
Does 36 divide 350198?
False
Is 9852986 a multiple of 158?
False
Is 15 a factor of 450194?
False
Is 4926145 a multiple of 35?
True
Is 208 a factor of 485679?
False
Is 336453 a multiple of 500?
False
Does 89 divide 4527608?
True
Is 26 a factor of 16822?
True
Does 130 divide 10292750?
True
Is 118 a factor of 2006?
True
Does 9 divide 1327239?
True
Does 21 divide 658129?
False
Does 16 divide 125037?
False
Does 488 divide 248585?
False
Does 105 divide 1568385?
True
Does 70 divide 811860?
True
Does 221 divide 77933?
False
Does 52 divide 4370756?
True
Is 20 a factor of 3004300?
True
Does 32 divide 6886124?
False
Does 84 divide 2855748?
True
Does 144 divide 226412?
False
Is 75257 a multiple of 7?
True
Does 13 divide 2539986?
False
Is 9605 a multiple of 258?
False
Does 8 divide 997570?
False
Does 394 divide 200546?
True
Is 62 a factor of 6782676?
True
Is 642457 a multiple of 23?
False
Is 3301484 a multiple of 815?
False
Is 226 a factor of 5792832?
True
Does 191 divide 618598?
False
Is 318986 a multiple of 698?
True
Is 19 a factor of 261345?
True
Is 226954 a multiple of 29?
True
Is 1881629 a multiple of 125?
False
Is 1705419 a multiple of 332?
False
Does 8 divide 21648?
True
Is 5867961 a multiple of 204?
False
Is 28 a factor of 131309?
False
Does 998 divide 3348196?
False
Is 91200 a multiple of 57?
True
Is 13 a factor of 296491?
True
Does 491 divide 236662?
True
Is 632 a factor of 596030?
False
Is 355047 a multiple of 82?
False
Is 734085 a multiple of 33?
True
Is 401 a factor of 11223954?
False
Does 133 divide 7510317?
False
Is 3057565 a multiple of 8?
False
Is 2574706 a multiple of 13?
False
Is 666 a factor of 396465?
False
Does 191 divide 1315699?
False
Is 7 a factor of 437857?
True
Is 422688 a multiple of 74?
True
Does 46 divide 1902100?
True
Is 34792 a multiple of 118?
False
Does 174 divide 66095?
False
Is 3 a factor of 126681?
True
Does 65 divide 1432108?
False
Is 5 a factor of 12386?
False
Is 358560 a multiple of 160?
True
Is 688272 a multiple of 48?
True
Does 11 divide 3239424?
False
Is 1374 a factor of 16962600?
False
Is 9 a factor of 193446?
True
Does 74 divide 502682?
True
Does 47 divide 11173216?
True
Is 10483290 a multiple of 9?
True
Does 358 divide 167186?
True
Is 5629390 a multiple of 338?
True
Is 4 a factor of 2985346?
False
Does 61 divide 1631830?
False
Is 2941000 a multiple of 17?
True
Does 7 divide 793400?
False
Is 7687363 a multiple of 4?
False
Is 12 a factor of 2683137?
False
Is 22 a factor of 91520?
True
Is 24616295 a multiple of 436?
False
Does 37 divide 3227991?
True
Is 14 a factor of 55748?
True
Is 357746 a multiple of 17?
False
Is 97 a factor of 80898?
True
Does 411 divide 1276536?
False
Is 257650 a multiple of 172?
False
Does 112 divide 601807?
False
Is 1339 a factor of 6460721?
False
Does 323 divide 8796905?
True
Is 18 a factor of 475506?
True
Is 399130 a multiple of 45?
False
Is 93 a factor of 420423?
False
Does 123 divide 245262?
True
Does 6 divide 17118?
True
Is 7874271 a multiple of 24?
False
Is 607752 a multiple of 2?
True
Is 33 a factor of 5932544?
False
Does 10 divide 9792?
False
Is 507 a factor of 510042?
True
Does 641 divide 6053604?
True
Is 106404 a multiple of 6?
True
Is 53 a factor of 49904?
False
Is 3132077 a multiple of 133?
False
Is 17 a factor of 9301?
False
Is 31 a factor of 257269